{"id":2919,"date":"2020-12-22T14:01:43","date_gmt":"2020-12-22T13:01:43","guid":{"rendered":"http:\/\/avar.fr\/?page_id=2919"},"modified":"2020-12-22T14:04:15","modified_gmt":"2020-12-22T13:04:15","slug":"sortie-20-decembre-2020","status":"publish","type":"page","link":"http:\/\/avar.fr\/?page_id=2919","title":{"rendered":"Sortie 20 d\u00e9cembre 2020"},"content":{"rendered":"<p><a href=\"http:\/\/avar.fr\/wp-content\/uploads\/2020\/12\/DSC_0003.jpg\"><img decoding=\"async\" loading=\"lazy\" class=\"alignleft size-medium wp-image-2920\" src=\"http:\/\/avar.fr\/wp-content\/uploads\/2020\/12\/DSC_0003-300x199.jpg\" alt=\"\" width=\"300\" height=\"199\" srcset=\"http:\/\/avar.fr\/wp-content\/uploads\/2020\/12\/DSC_0003-300x199.jpg 300w, http:\/\/avar.fr\/wp-content\/uploads\/2020\/12\/DSC_0003-768x509.jpg 768w, http:\/\/avar.fr\/wp-content\/uploads\/2020\/12\/DSC_0003-1024x678.jpg 1024w\" sizes=\"(max-width: 300px) 100vw, 300px\" \/><\/a> <a href=\"http:\/\/avar.fr\/wp-content\/uploads\/2020\/12\/DSC_0005.jpg\"><img decoding=\"async\" loading=\"lazy\" class=\"alignleft size-medium wp-image-2922\" src=\"http:\/\/avar.fr\/wp-content\/uploads\/2020\/12\/DSC_0005-300x199.jpg\" alt=\"\" width=\"300\" height=\"199\" srcset=\"http:\/\/avar.fr\/wp-content\/uploads\/2020\/12\/DSC_0005-300x199.jpg 300w, http:\/\/avar.fr\/wp-content\/uploads\/2020\/12\/DSC_0005-768x509.jpg 768w, http:\/\/avar.fr\/wp-content\/uploads\/2020\/12\/DSC_0005-1024x678.jpg 1024w\" sizes=\"(max-width: 300px) 100vw, 300px\" \/><\/a> <a href=\"http:\/\/avar.fr\/wp-content\/uploads\/2020\/12\/DSC_0008.jpg\"><img decoding=\"async\" loading=\"lazy\" class=\"alignleft size-medium wp-image-2925\" src=\"http:\/\/avar.fr\/wp-content\/uploads\/2020\/12\/DSC_0008-300x199.jpg\" alt=\"\" width=\"300\" height=\"199\" srcset=\"http:\/\/avar.fr\/wp-content\/uploads\/2020\/12\/DSC_0008-300x199.jpg 300w, http:\/\/avar.fr\/wp-content\/uploads\/2020\/12\/DSC_0008-768x509.jpg 768w, http:\/\/avar.fr\/wp-content\/uploads\/2020\/12\/DSC_0008-1024x678.jpg 1024w\" sizes=\"(max-width: 300px) 100vw, 300px\" \/><\/a> <a href=\"http:\/\/avar.fr\/wp-content\/uploads\/2020\/12\/DSC_0011.jpg\"><img decoding=\"async\" loading=\"lazy\" class=\"alignleft size-medium wp-image-2928\" src=\"http:\/\/avar.fr\/wp-content\/uploads\/2020\/12\/DSC_0011-300x199.jpg\" alt=\"\" width=\"300\" height=\"199\" srcset=\"http:\/\/avar.fr\/wp-content\/uploads\/2020\/12\/DSC_0011-300x199.jpg 300w, http:\/\/avar.fr\/wp-content\/uploads\/2020\/12\/DSC_0011-768x509.jpg 768w, http:\/\/avar.fr\/wp-content\/uploads\/2020\/12\/DSC_0011-1024x678.jpg 1024w\" sizes=\"(max-width: 300px) 100vw, 300px\" \/><\/a> <a href=\"http:\/\/avar.fr\/wp-content\/uploads\/2020\/12\/DSC_0015.jpg\"><img decoding=\"async\" loading=\"lazy\" class=\"alignleft size-medium wp-image-2932\" src=\"http:\/\/avar.fr\/wp-content\/uploads\/2020\/12\/DSC_0015-300x199.jpg\" alt=\"\" width=\"300\" height=\"199\" srcset=\"http:\/\/avar.fr\/wp-content\/uploads\/2020\/12\/DSC_0015-300x199.jpg 300w, http:\/\/avar.fr\/wp-content\/uploads\/2020\/12\/DSC_0015-768x509.jpg 768w, http:\/\/avar.fr\/wp-content\/uploads\/2020\/12\/DSC_0015-1024x678.jpg 1024w\" sizes=\"(max-width: 300px) 100vw, 300px\" \/><\/a> <a href=\"http:\/\/avar.fr\/wp-content\/uploads\/2020\/12\/DSC_0022.jpg\"><img decoding=\"async\" loading=\"lazy\" class=\"alignleft size-medium wp-image-2939\" src=\"http:\/\/avar.fr\/wp-content\/uploads\/2020\/12\/DSC_0022-300x199.jpg\" alt=\"\" width=\"300\" height=\"199\" srcset=\"http:\/\/avar.fr\/wp-content\/uploads\/2020\/12\/DSC_0022-300x199.jpg 300w, http:\/\/avar.fr\/wp-content\/uploads\/2020\/12\/DSC_0022-768x509.jpg 768w, http:\/\/avar.fr\/wp-content\/uploads\/2020\/12\/DSC_0022-1024x678.jpg 1024w\" sizes=\"(max-width: 300px) 100vw, 300px\" \/><\/a> <a href=\"http:\/\/avar.fr\/wp-content\/uploads\/2020\/12\/DSC_0025.jpg\"><img decoding=\"async\" loading=\"lazy\" class=\"alignleft size-medium wp-image-2942\" src=\"http:\/\/avar.fr\/wp-content\/uploads\/2020\/12\/DSC_0025-300x199.jpg\" alt=\"\" width=\"300\" height=\"199\" srcset=\"http:\/\/avar.fr\/wp-content\/uploads\/2020\/12\/DSC_0025-300x199.jpg 300w, http:\/\/avar.fr\/wp-content\/uploads\/2020\/12\/DSC_0025-768x509.jpg 768w, http:\/\/avar.fr\/wp-content\/uploads\/2020\/12\/DSC_0025-1024x678.jpg 1024w\" sizes=\"(max-width: 300px) 100vw, 300px\" \/><\/a> <a href=\"http:\/\/avar.fr\/wp-content\/uploads\/2020\/12\/DSC_0056.jpg\"><img decoding=\"async\" loading=\"lazy\" class=\"alignleft size-medium wp-image-2973\" src=\"http:\/\/avar.fr\/wp-content\/uploads\/2020\/12\/DSC_0056-300x199.jpg\" alt=\"\" width=\"300\" height=\"199\" srcset=\"http:\/\/avar.fr\/wp-content\/uploads\/2020\/12\/DSC_0056-300x199.jpg 300w, http:\/\/avar.fr\/wp-content\/uploads\/2020\/12\/DSC_0056-768x509.jpg 768w, http:\/\/avar.fr\/wp-content\/uploads\/2020\/12\/DSC_0056-1024x678.jpg 1024w\" sizes=\"(max-width: 300px) 100vw, 300px\" \/><\/a> <a href=\"http:\/\/avar.fr\/wp-content\/uploads\/2020\/12\/DSC_0057.jpg\"><img decoding=\"async\" loading=\"lazy\" class=\"alignleft size-medium wp-image-2974\" src=\"http:\/\/avar.fr\/wp-content\/uploads\/2020\/12\/DSC_0057-300x199.jpg\" alt=\"\" width=\"300\" height=\"199\" srcset=\"http:\/\/avar.fr\/wp-content\/uploads\/2020\/12\/DSC_0057-300x199.jpg 300w, http:\/\/avar.fr\/wp-content\/uploads\/2020\/12\/DSC_0057-768x509.jpg 768w, http:\/\/avar.fr\/wp-content\/uploads\/2020\/12\/DSC_0057-1024x678.jpg 1024w\" sizes=\"(max-width: 300px) 100vw, 300px\" \/><\/a> <a href=\"http:\/\/avar.fr\/wp-content\/uploads\/2020\/12\/DSC_0030.jpg\"><img decoding=\"async\" loading=\"lazy\" class=\"alignleft size-medium wp-image-2947\" src=\"http:\/\/avar.fr\/wp-content\/uploads\/2020\/12\/DSC_0030-300x199.jpg\" alt=\"\" width=\"300\" height=\"199\" srcset=\"http:\/\/avar.fr\/wp-content\/uploads\/2020\/12\/DSC_0030-300x199.jpg 300w, http:\/\/avar.fr\/wp-content\/uploads\/2020\/12\/DSC_0030-768x509.jpg 768w, http:\/\/avar.fr\/wp-content\/uploads\/2020\/12\/DSC_0030-1024x678.jpg 1024w\" sizes=\"(max-width: 300px) 100vw, 300px\" \/><\/a> <a href=\"http:\/\/avar.fr\/wp-content\/uploads\/2020\/12\/DSC_0031.jpg\"><img decoding=\"async\" loading=\"lazy\" class=\"alignleft size-medium wp-image-2948\" src=\"http:\/\/avar.fr\/wp-content\/uploads\/2020\/12\/DSC_0031-300x199.jpg\" alt=\"\" width=\"300\" height=\"199\" srcset=\"http:\/\/avar.fr\/wp-content\/uploads\/2020\/12\/DSC_0031-300x199.jpg 300w, http:\/\/avar.fr\/wp-content\/uploads\/2020\/12\/DSC_0031-768x509.jpg 768w, http:\/\/avar.fr\/wp-content\/uploads\/2020\/12\/DSC_0031-1024x678.jpg 1024w\" sizes=\"(max-width: 300px) 100vw, 300px\" \/><\/a> <a href=\"http:\/\/avar.fr\/wp-content\/uploads\/2020\/12\/DSC_0038.jpg\"><img decoding=\"async\" loading=\"lazy\" class=\"alignleft size-medium wp-image-2955\" src=\"http:\/\/avar.fr\/wp-content\/uploads\/2020\/12\/DSC_0038-300x199.jpg\" alt=\"\" width=\"300\" height=\"199\" srcset=\"http:\/\/avar.fr\/wp-content\/uploads\/2020\/12\/DSC_0038-300x199.jpg 300w, http:\/\/avar.fr\/wp-content\/uploads\/2020\/12\/DSC_0038-768x509.jpg 768w, http:\/\/avar.fr\/wp-content\/uploads\/2020\/12\/DSC_0038-1024x678.jpg 1024w\" sizes=\"(max-width: 300px) 100vw, 300px\" \/><\/a> <a href=\"http:\/\/avar.fr\/wp-content\/uploads\/2020\/12\/DSC_0040.jpg\"><img decoding=\"async\" loading=\"lazy\" class=\"alignleft size-medium wp-image-2957\" src=\"http:\/\/avar.fr\/wp-content\/uploads\/2020\/12\/DSC_0040-300x199.jpg\" alt=\"\" width=\"300\" height=\"199\" srcset=\"http:\/\/avar.fr\/wp-content\/uploads\/2020\/12\/DSC_0040-300x199.jpg 300w, http:\/\/avar.fr\/wp-content\/uploads\/2020\/12\/DSC_0040-768x509.jpg 768w, http:\/\/avar.fr\/wp-content\/uploads\/2020\/12\/DSC_0040-1024x678.jpg 1024w\" sizes=\"(max-width: 300px) 100vw, 300px\" \/><\/a> <a href=\"http:\/\/avar.fr\/wp-content\/uploads\/2020\/12\/DSC_0039.jpg\"><img decoding=\"async\" loading=\"lazy\" class=\"alignleft size-medium wp-image-2956\" src=\"http:\/\/avar.fr\/wp-content\/uploads\/2020\/12\/DSC_0039-300x199.jpg\" alt=\"\" width=\"300\" height=\"199\" srcset=\"http:\/\/avar.fr\/wp-content\/uploads\/2020\/12\/DSC_0039-300x199.jpg 300w, http:\/\/avar.fr\/wp-content\/uploads\/2020\/12\/DSC_0039-768x509.jpg 768w, http:\/\/avar.fr\/wp-content\/uploads\/2020\/12\/DSC_0039-1024x678.jpg 1024w\" sizes=\"(max-width: 300px) 100vw, 300px\" \/><\/a> <a href=\"http:\/\/avar.fr\/wp-content\/uploads\/2020\/12\/DSC_0042.jpg\"><img decoding=\"async\" loading=\"lazy\" class=\"alignleft size-medium wp-image-2959\" src=\"http:\/\/avar.fr\/wp-content\/uploads\/2020\/12\/DSC_0042-300x199.jpg\" alt=\"\" width=\"300\" height=\"199\" srcset=\"http:\/\/avar.fr\/wp-content\/uploads\/2020\/12\/DSC_0042-300x199.jpg 300w, http:\/\/avar.fr\/wp-content\/uploads\/2020\/12\/DSC_0042-768x509.jpg 768w, http:\/\/avar.fr\/wp-content\/uploads\/2020\/12\/DSC_0042-1024x678.jpg 1024w\" sizes=\"(max-width: 300px) 100vw, 300px\" \/><\/a> <a href=\"http:\/\/avar.fr\/wp-content\/uploads\/2020\/12\/DSC_0047.jpg\"><img decoding=\"async\" loading=\"lazy\" class=\"alignleft size-medium wp-image-2964\" src=\"http:\/\/avar.fr\/wp-content\/uploads\/2020\/12\/DSC_0047-300x199.jpg\" alt=\"\" width=\"300\" height=\"199\" srcset=\"http:\/\/avar.fr\/wp-content\/uploads\/2020\/12\/DSC_0047-300x199.jpg 300w, http:\/\/avar.fr\/wp-content\/uploads\/2020\/12\/DSC_0047-768x509.jpg 768w, http:\/\/avar.fr\/wp-content\/uploads\/2020\/12\/DSC_0047-1024x678.jpg 1024w\" sizes=\"(max-width: 300px) 100vw, 300px\" \/><\/a> <a href=\"http:\/\/avar.fr\/wp-content\/uploads\/2020\/12\/DSC_0044.jpg\"><img decoding=\"async\" loading=\"lazy\" class=\"alignleft size-medium wp-image-2961\" src=\"http:\/\/avar.fr\/wp-content\/uploads\/2020\/12\/DSC_0044-300x199.jpg\" alt=\"\" width=\"300\" height=\"199\" srcset=\"http:\/\/avar.fr\/wp-content\/uploads\/2020\/12\/DSC_0044-300x199.jpg 300w, http:\/\/avar.fr\/wp-content\/uploads\/2020\/12\/DSC_0044-768x509.jpg 768w, http:\/\/avar.fr\/wp-content\/uploads\/2020\/12\/DSC_0044-1024x678.jpg 1024w\" sizes=\"(max-width: 300px) 100vw, 300px\" \/><\/a> <a href=\"http:\/\/avar.fr\/wp-content\/uploads\/2020\/12\/DSC_0048.jpg\"><img decoding=\"async\" loading=\"lazy\" class=\"alignleft size-medium wp-image-2965\" src=\"http:\/\/avar.fr\/wp-content\/uploads\/2020\/12\/DSC_0048-300x199.jpg\" alt=\"\" width=\"300\" height=\"199\" srcset=\"http:\/\/avar.fr\/wp-content\/uploads\/2020\/12\/DSC_0048-300x199.jpg 300w, http:\/\/avar.fr\/wp-content\/uploads\/2020\/12\/DSC_0048-768x509.jpg 768w, http:\/\/avar.fr\/wp-content\/uploads\/2020\/12\/DSC_0048-1024x678.jpg 1024w\" sizes=\"(max-width: 300px) 100vw, 300px\" \/><\/a> <a href=\"http:\/\/avar.fr\/wp-content\/uploads\/2020\/12\/DSC_0051.jpg\"><img decoding=\"async\" loading=\"lazy\" class=\"alignleft size-medium wp-image-2968\" src=\"http:\/\/avar.fr\/wp-content\/uploads\/2020\/12\/DSC_0051-300x199.jpg\" alt=\"\" width=\"300\" height=\"199\" srcset=\"http:\/\/avar.fr\/wp-content\/uploads\/2020\/12\/DSC_0051-300x199.jpg 300w, http:\/\/avar.fr\/wp-content\/uploads\/2020\/12\/DSC_0051-768x509.jpg 768w, http:\/\/avar.fr\/wp-content\/uploads\/2020\/12\/DSC_0051-1024x678.jpg 1024w\" sizes=\"(max-width: 300px) 100vw, 300px\" \/><\/a> <a href=\"http:\/\/avar.fr\/wp-content\/uploads\/2020\/12\/DSC_0058.jpg\"><img decoding=\"async\" loading=\"lazy\" class=\"alignleft size-medium wp-image-2975\" src=\"http:\/\/avar.fr\/wp-content\/uploads\/2020\/12\/DSC_0058-300x199.jpg\" alt=\"\" width=\"300\" height=\"199\" srcset=\"http:\/\/avar.fr\/wp-content\/uploads\/2020\/12\/DSC_0058-300x199.jpg 300w, http:\/\/avar.fr\/wp-content\/uploads\/2020\/12\/DSC_0058-768x509.jpg 768w, http:\/\/avar.fr\/wp-content\/uploads\/2020\/12\/DSC_0058-1024x678.jpg 1024w\" sizes=\"(max-width: 300px) 100vw, 300px\" \/><\/a> <a href=\"http:\/\/avar.fr\/wp-content\/uploads\/2020\/12\/DSC_0062.jpg\"><img decoding=\"async\" loading=\"lazy\" class=\"alignleft size-medium wp-image-2979\" src=\"http:\/\/avar.fr\/wp-content\/uploads\/2020\/12\/DSC_0062-300x199.jpg\" alt=\"\" width=\"300\" height=\"199\" srcset=\"http:\/\/avar.fr\/wp-content\/uploads\/2020\/12\/DSC_0062-300x199.jpg 300w, http:\/\/avar.fr\/wp-content\/uploads\/2020\/12\/DSC_0062-768x509.jpg 768w, http:\/\/avar.fr\/wp-content\/uploads\/2020\/12\/DSC_0062-1024x678.jpg 1024w\" sizes=\"(max-width: 300px) 100vw, 300px\" \/><\/a>Jolie Balade passant par Touillas, Fourques, Torderes, le col de Llauro avec arr\u00eat \u00e0 l\u2019ermitage de St FERREOL.<\/p>\n<p>Retour par Ceret et le Boulou. Dommage que la pluie ait emp\u00each\u00e9 le pique-nique et la continuation vers Cerb\u00e8re.<\/p>\n<p>&nbsp;<\/p>\n","protected":false},"excerpt":{"rendered":"<p>Jolie Balade passant par Touillas, Fourques, Torderes, le col de Llauro avec arr\u00eat \u00e0 l\u2019ermitage de St FERREOL. Retour par Ceret et le Boulou. Dommage que la pluie ait emp\u00each\u00e9 le pique-nique et la continuation vers Cerb\u00e8re. &nbsp;<\/p>\n","protected":false},"author":1,"featured_media":0,"parent":196,"menu_order":0,"comment_status":"closed","ping_status":"closed","template":"","meta":[],"_links":{"self":[{"href":"http:\/\/avar.fr\/index.php?rest_route=\/wp\/v2\/pages\/2919"}],"collection":[{"href":"http:\/\/avar.fr\/index.php?rest_route=\/wp\/v2\/pages"}],"about":[{"href":"http:\/\/avar.fr\/index.php?rest_route=\/wp\/v2\/types\/page"}],"author":[{"embeddable":true,"href":"http:\/\/avar.fr\/index.php?rest_route=\/wp\/v2\/users\/1"}],"replies":[{"embeddable":true,"href":"http:\/\/avar.fr\/index.php?rest_route=%2Fwp%2Fv2%2Fcomments&post=2919"}],"version-history":[{"count":2,"href":"http:\/\/avar.fr\/index.php?rest_route=\/wp\/v2\/pages\/2919\/revisions"}],"predecessor-version":[{"id":2982,"href":"http:\/\/avar.fr\/index.php?rest_route=\/wp\/v2\/pages\/2919\/revisions\/2982"}],"up":[{"embeddable":true,"href":"http:\/\/avar.fr\/index.php?rest_route=\/wp\/v2\/pages\/196"}],"wp:attachment":[{"href":"http:\/\/avar.fr\/index.php?rest_route=%2Fwp%2Fv2%2Fmedia&parent=2919"}],"curies":[{"name":"wp","href":"https:\/\/api.w.org\/{rel}","templated":true}]}}